(-1 - -1) - (28 - 26).
-4
-6 - -4 - 1 - (-8 - -2)
3
2 + 3 + -3 + -1 + 7
8
5 - ((7 - 3) + (-2 - 5))
8
Calculate 2 + -2 - (0 + 2).
-2
What is -3 - (-4 + 0 + 5 + -4)?
0
What is the value of 9 - 1 - (-3 + 6)?
5
What is the value of -3 - (1 + 2 + 1 + -6)?
-1
Calculate 8 - (11 + -4) - (1 - 7).
7
What is 2 - (-7 - (-14 - -8))?
3
(-4 - -6) + 1 + 2
5
Evaluate 0 + 4 + (-4 - 1).
-1
-7 + -3 + 7 - -4
1
What is 6 + -3 + (3 - 4) + -7?
-5
Evaluate (9 + -4 - 1) + -4.
0
What is -2 + -6 + 7 + 4?
3
Calculate 8 + -3 - (-1 - 1).
7
What is -3 + 0 + -1 + 6 + -1?
1
-9 - (9 + (0 - 11))
-7
Calculate 6 - 2 - (-5 - -6).
3
Calculate -6 + 2 + 3 + 2 + -5.
-4
4 + 2 + 2 - (-1 - -5)
4
Evaluate (3 - -2) + 8 - (-8 + 15).
6
Calculate -1 + 3 + -2 + 1 + -7.
-6
3 + 0 + (-3 + 1 - -3)
4
9 + (-1 - 22) - -9
-5
3 + -4 + (3 - 3) + 5
4
Evaluate (0 - -2) + (3 - 7).
-2
What is the value of 0 + 0 - (-3 - -2 - 4)?
5
(3 - (-7 + 12)) + -3
-5
Calculate (-16 + 3 + 7 - -15) + 1.
10
Evaluate 7 - ((-2 - -12) + 16 + -19).
0
(2 - -1 - 2) + 1 - 1
1
What is 1 + 0 + 11 + -6?
6
What is (-1 - -3) + -12 + 3?
-7
Evaluate 0 - (10 - (-13 + 7 + 10)).
-6
Calculate 4 - (4 + -8 + 2).
6
What is the value of 66 - 68 - (1 + 0 + -4)?
1
-9 - -2 - -5 - 5
-7
3 - (-4 + 12 + -2)
-3
What is the value of 0 - 6 - (-30 + 8 + 16)?
0
-6 - 2 - (0 + -10 - -4)
-2
Calculate (1 - -3) + 0 + 3 - 2.
5
Evaluate 3 + -1 - (-7 + 8 - -5).
-4
What is 94 + -95 - (1 - -4)?
-6
Evaluate (-4 - 1) + -2 + 3.
-4
Calculate -11 + (8 - (-3 + 3) - 2).
-5
What is -2 + (1 - 7 - (6 + -13))?
-1
Evaluate -2 + -1 + (-4 + -1 - -7).
-1
What is the value of 10 - (-1 - (-1 - 11))?
-1
Evaluate -5 + 3 - (4 + 1) - 0.
-7
Calculate 4 - (6 - (3 + 4)).
5
Calculate -6 + (-1 + 6 - -2) - -3.
4
-7 - (-2 + 0) - -4
-1
Evaluate 3 + (0 - (1 + 1 + 4)).
-3
Evaluate -6 + -2 - (19 - 21).
-6
(1 - 4) + (-4 - -7) - 4
-4
Calculate (4 - 5 - -7) + -2.
4
(-10 - (-6 + 2)) + (24 - 28)
-10
Evaluate -7 + 0 + (7 - 3).
-3
Evaluate -1 + 1 + 1 - (18 + -14).
-3
What is the value of (-2 - 1) + (3 - -5)?
5
What is the value of 0 - 1 - 15 - (9 - 14)?
-11
Calculate -2 + 0 - (5 + -1) - -5.
-1
What is the value of -7 + (6 - (-3 - -5))?
-3
What is the value of -1 + (15 - (-12 + 30))?
-4
What is -7 - (2 + -6 + 3)?
-6
(8 - 0) + 2 + -44 + 38
4
Evaluate -2 - (-8 - (-7 + 6)).
5
Evaluate 0 + 5 + -2 + 3 + -3.
3
Evaluate -3 + (1 - 2) + 2 - -5.
3
6 + 6 + -12 + 3 - 9
-6
Evaluate -6 - (5 - 3 - 10).
2
What is 1 - (-4 + 0 - -9)?
-4
Calculate 1 + (-1 - -3 - 5) + 0.
-2
What is -2 - (7 + -3 + (-5 - -5))?
-6
What is the value of -2 + -5 + 8 + -1?
0
What is the value of 1 - (8 + -10 - -11)?
-8
Calculate (0 - 0) + -2 + -3.
-5
2 - 1 - -3 - (-1 - -2)
3
Evaluate -12 + 6 + 3 + 6.
3
Evaluate -3 + -5 + (-5 - -7).
-6
4 + 2 - (-81 + 85)
2
What is the value of -1 + 12 + (-3 - 6)?
2
What is -4 + (-2 - -11) + -9?
-4
Evaluate 1 + -2 + (8 - 8).
-1
Calculate 4 + -2 - 0 - (3 - 1).
0
0 - -5 - (18 - (0 + 12))
-1
Calculate -3 + 2 - (-2 - (2 - 1)).
2
What is the value of 24 + -8 + -3 + -4?
9
Calculate 1 + 5 - (3 - (-2 + -3)).
-2
Evaluate 2 + (-1 + 5 - (5 - -2)).
-1
Calculate 10 + 0 + -4 + 5 + -6.
5
What is 6 + (-5 - 0 - 2)?
-1
3 - (4 - 1 - -1) - 4
-5
What is -7 - (-1 - -4) - (-16 + 10)?
-4
Evaluate 3 - (-1 + -3 - -8).
-1
What is the value of -12 + (7 + 1 - 2)?
-6
Evaluate (-11 - -20) + -3 + 1.
7
What is the value of 2 - 1 - (-4 - (-4 - -4))?
5
What is 7 + 5 + -2 + -5?
5
Calculate 0 - (4 - (-6 + 4)).
-6
Evaluate 4 + 0 + -22 + 23.
5
0 + (1 - -3) + -1 - 1
2
What is the value of 0 + 0 + 0 + -4?
-4
What is 7 + -22 + 11 - -1?
-3
What is 5 - (-3 - -11) - -7?
4
What is the value of 3 + (1 - 4 - 0) - 5?
-5
What is -4 + 3 + -3 + 3 + 2?
1
What is 1 - (-2 + (3 - 7) - -2)?
5
What is the value of 12 - 12 - (2 - 4 - 1)?
3
Calculate 8 + (-8 - -5 - -2) + -4.
3
What is 2 + 0 + 3 + 85 + -89?
1
What is the value of 6 + -21 + 1 + 3 + 2?
-9
14 - (15 - (9 - 1))
7
(7 - 10) + (2 - (-5 - -8))
-4
Evaluate 22 + -14 - (0 - -6).
2
Evaluate 4 - (9 - ((-7 - -8) + 0)).
-4
Evaluate 4 + -9 + 7 + (-4 - -3).
1
3 + 1 + (-2 - 1) - 4
-3
Calculate (1 - (1 - -2)) + 0 + 6.
4
Evaluate -3 + (3 - -1) + 3.
4
What is (0 - 0 - 1) + 4?
3
0 + (7 - 4 - (1 - 6))
8
Evaluate 3 + 0 - (0 + 1 - -1).
1
Evaluate (14 - (32 + -5)) + 2.
-11
What is 9 + -5 + (2 - 1) - 6?
-1
-18 + 27 - (4 - 0)
5
Evaluate 0 - (-5 + (3 - 3)).
5
Calculate -2 + (-2 - (-8 - -3)).
1
Evaluate -6 - (3 - -5 - 15).
1
Evaluate (5 - -1) + (-13 + 29 - 23).
-1
Evaluate 2 + -2 - (-80 - -83).
-3
Evaluate -5 - (-4 - 0) - (-3 + 0).
2
Calculate -3 - (-5 + 2 + -1).
1
Calculate ((1 - 4) + 2 - -3) + -1.
1
What is 6 + (10 - 2) + -3 + -5?
6
Evaluate (2 - 16) + -20 + 28.
-6
What is the value of -2 - (-2 - (4 + -6))?
-2
What is (1 + 8 - 11) + 1 + 0?
-1
What is the value of 6 - 9 - (2 + -5)?
0
(0 - -12) + (0 - 7)
5
Calculate 6 - 5 - (3 - 1 - -2).
-3
What is the value of 2 + (-3 - 1 - 5 - -3)?
-4
What is -1 + (13 + -10 - 5)?
-3
(1 - -1) + -5 - -3
0
Evaluate 5 + -6 + (4 - (2 - 1)).
2
What is the value of -3 + (2 - (5 - 7 - -6))?
-5
What is 0 - ((0 - -1) + -2)?
1
Evaluate (5 - -1) + -20 - -7.
-7
What is 3 - (7 + -1 - 6)?
3
-4 - (-2 + 2 + -2 + 2)
-4
Evaluate 3 + -9 - (4 + -5).
-5
What is the value of 6 + 1 + (1 - (5 - -9))?
-6
What is the value of 1 + 1 + -1 + -6?
-5
Calculate (-4 + -2 - -5) + 2.
1
What is (2 - (-2 + 4)) + 0 + -2?
-2
Evaluate -2 - 0 - (-1 - -3).
-4
What is the value of (7 - (1 + 1)) + 14 + -18?
1
2 + (8 - 22) - (-1 + -5)
-6
What is the value of (-5 + -12 - -13) + (2 - 3)?
-5
1 + (4 - 5 - 7) + -1
-8
What is -2 + 0 + -3 + (13 - 6)?
2
Evaluate 3 - 1 - (6 - 2).
-2
Evaluate (-3 - -2 - 0) + 0 + 4.
3
0 + -9 + 1 + 0
-8
What is the value of -4 - (-7 - -9) - -10?
4
Calculate 1 + -7 - (2 - (-7 + 16)).
1
Evaluate -9 - (0 + -3 + -1).
-5
Evaluate (-8 - -10) + 2 + -2.
2
Calculate (-7 - (-14 + 7)) + -1.
-1
Calculate 3 + (-5 - (-6 - 1)).
5
Calculate 4 - (5 + -2) - 4.
-3
-8 - (4 - 8) - (-1 + 1)
-4
Calculate 3 - 4 - (1 + -2 - -1).
-1
Calculate (-5 + 1 - -7) + 1.
4
Evaluate 50 + -44 - (-2 + (2 - -13)).
-7
What is (-3 - -1) + (0 - (-7 + 3))?
2
Evaluate -1 + 5 + -4 + (-4 - -5).
1
Calculate 1 + -1 - 0 - 2 - 1.
-3
What is the value of 6 + (-1 - -3 - 1) - 3?
4
What is (0 - 6 - -3) + 6?
3
5 + (0 - 1) + (14 - 13)
5
What is the value of (2 - 5) + -1 + 3?
-1
Calculate (-6 - -9) + 1 - 5.
-1
Evaluate 6 - 1 - (1 + 5).
-1
What is (9 + 2 - 11) + -8?
-8
What is the value of 0 + (1 - -1) + 1?
3
(1 - -6) + -3 + 1
5
Evaluate -2 - 9 - (1 + -9).
-3
3 + -4 + (-1 - -1) + -3
-4
What is 1 + 1 + -5 + 3?
0
Evaluate -7 + -6 + 18 + -3.
2
((0 - 1) + 0 - 5) + 4
-2
What is the value of 2 - (-2 + (-3 - -11))?
-4
-6 - (-15 - -6) - 1 - 8
-6
Calculate 2 - (0 + 0 + 13 + -7).
-4
-3 + (1 - -7) + -2
3
Calculate 7 - (3 - (3 + -7)).
0
Calculate -3 + (3 - -2) + -6.
-4
What is the value of -14 + (6 - -4) + 4?
0
Calculate 1 - (1 + (4 - 14) - -2).
8
What is the value of 0 + 5 - (12 + -9)?
2
Evaluate -17 + 16 + (-2 - -1) + 6.
4
Evaluate (1 - (10 + -14)) + -6.
-1
4 + 2 - (2 + 1)
3
What is 4 - ((0 - 1) + 12 + -8)?
1
-2 + (0 - -6) - 5
-1
3 + -2 + -7 + 11
5
Calculate 2 + -1 + -4 - (-9 - -2).
4
4 + -1 + 1 - (24 + -21)
1
What is the value of (-13 + 11 - 8) + 2?
-8
What is the value of -2 + 3 + 2 + 4 + 0?
7
Evaluate 0 - (-7 + 3 + (2 - 3)).
5
Evaluate (9 - 5) + (-10 - -1).
-5
What is (-1 - -2) + -7 + 554 + -554?
-6
Evaluate 0 - (-1 + 5 - -3).
-7
Calculate (-4 - (-7 + 2 + 0)) + 0.
1
What is the value of -13 - -20 - (-2 - (-6 - -1))?
4
Evaluate 6 + ((-2 - -1) + 0 - 3).
2
3 + -16 + (0 - -3) - -6
-4
What is the value of (-2 - (3 + 1)) + 0 + 2?
-4
(-9 - -22) + 0 + (-9 - -4)
8
What is the value of 5 + (4 - (3 - -5)) + -1?
0
(2 + (-1 - 4) - -2) + -2
-3
What is the value of -4 + (-2 - (-2 + 4))?
-8
What is 7 + (-7 - 5 - -1)?
-4
-4 + 1 + (171 - 174)
-6
What is 2 - (5 + -3 - -3 - 3)?
0
What is 4 - 1 - (-4 + 8 - 4)?
3
Calculate (4 - 0) + (4 - 3 - 0).
5
What is the value of (3 - (-2 + 0)) + -1?
4
What is the value of 8 + -7 + -2 - 3?
-4
Calculate 0 + 1 + 4 + -2.
3
What is 1 - (-2 + 4 + -9 + 5)?
3
Calculate 0 - (4 - (1 - -3)).
0
What is the value of 12 - 9 - (-1 - (-1 - 3))?
0
What is 3 - 3 - (5 - 5)?
0
What is (0 - 2) + 6 - (-92 - -91)?
5
(0 - -1) + 0 - (32 + -30)
-1
Evaluate 0 + 0 - 1 - -2.
1
11 - (9 + 11 + -3)
-6
4 - ((-2 + 4 - -1) + 0)
1
Calculate (-74 - -78) + (-5 - 2 - 0).
-3
What is the value of -6 - (-11 + 22 +